List the prime factors of y.
17
Suppose -26*p - 21090 = -5*r - 21*p, -p = -5*r + 21102. List the prime factors of r.
3, 7, 67
Suppose 0 = 2*d - 2*p - 2, 4 = 3*d - p - 7. Suppose -2 + 72 = 2*b. Suppose 5*j - 18 = 3*j + 3*s, b = j + d*s. List the prime factors of j.
3, 5
Suppose 2*j - 26*w - 304 = -23*w, 0 = -5*w. What are the prime factors of j?
2, 19
Suppose 0 = -4*w - l + 3708 + 971, 0 = 4*w + 5*l - 4691. List the prime factors of w.
7, 167
List the prime factors of (-44)/(-220) + (-1)/((-5)/1464).
293
Let d(k) = k**3 + 6*k**2 - 7*k - 5. Let s be d(-7). What are the prime factors of s/((-25)/255) - 0?
3, 17
Let a = 67 + -37. Let d = 40 + a. What are the prime factors of d?
2, 5, 7
Let t = -133 + 158. What are the prime factors of t?
5
Suppose -3*t - 70 = -4. Let r = 23 + t. Let o(x) = 19*x + 1. List the prime factors of o(r).
2, 5
Suppose 2*n = 3*n - 2*l - 2602, 13003 = 5*n - 3*l. List the prime factors of n.
2, 5, 13
Let h be 4/((-16)/9)*-4. Suppose -364 = h*m - 1453. What are the prime factors of m?
11
Suppose -17 = 2*f + 3*q, -3*f = -5*f + 4*q + 18. List the prime factors of 1/(5/(-1085))*f.
7, 31
Suppose 4*q = p - 132, -p - 5*q = -q - 108. Let b be ((-6)/(-8))/((-9)/(-612)). Suppose 3*g + 4*k = p, 2*g - g + 5*k = b. What are the prime factors of g?
2, 3
Let v(u) = 10*u**2 - 17*u - 13. Let h(w) = -5*w**2 + 8*w + 6. Let o(j) = -9*h(j) - 4*v(j). List the prime factors of o(4).
2, 31
List the prime factors of -8 + (77 - (-64)/(-8)).
61
Let j = 62 - 53. Suppose j*b + 24 = 258. What are the prime factors of b?
2, 13
What are the prime factors of (0 + 3)/((-4 - -18)/1190)?
3, 5, 17
Let h = 16 - 13. Let y be -2 + (7 - 0 - h). Suppose -7*a + 3*a = -k - 90, -4*a + y*k = -88. What are the prime factors of a?
23
Suppose -4*b + 4*l + 5280 = 0, 6418 = 5*b - 3*l - 182. List the prime factors of b.
2, 3, 5, 11
Suppose 0 = 4*i - 97 + 41. Suppose i = -m - 2*c + 6*c, -m + 10 = 2*c. Suppose 3*y + 7*o - m*o - 141 = 0, -2*y + 5*o = -94. List the prime factors of y.
47
Let d = 13 + -13. Suppose 0 = 3*h - d + 6, 2*x = -4*h + 132. Suppose l - 2 = 0, 5*l = -4*c + x + 180. What are the prime factors of c?
2, 3, 5
Suppose 220526 = -16*b + 87*b. List the prime factors of b.
2, 1553
Let g be (-24)/(-4) + 3 + (-6)/3. Let p(c) = 11*c - 10. What are the prime factors of p(g)?
67
Suppose -9 = 3*n - 225. What are the prime factors of n?
2, 3
Let d = 7696 + -5453. What are the prime factors of d?
2243
Let k be (-686)/4*(7 - 9). Let t = -83 + k. Suppose -7*d - t = -12*d. What are the prime factors of d?
2, 13
Suppose 5*s + 198 = 218. Let v = -34 - -52. Let u = v + s. What are the prime factors of u?
2, 11
Let r = -30 - -33. Suppose 0 = 5*b - 5*k - 130, -r*b - 2*b = -k - 130. What are the prime factors of (-39)/b*(-112)/6?
2, 7
Suppose -y - 8 = m, 2*y = -8 - 0. Let k(q) = -q**3 + 6*q**2 - 5*q - 3. Let x be k(5). What are the prime factors of (m - (x - -1)) + 10?
2
Let x = -60 - -9. Let p = x - -94. Suppose -2*d + 33 = a, 4*a - 5*d + p = 188. List the prime factors of a.
5, 7
Let c be (-115)/(-15) + (-2)/(-6). What are the prime factors of c/1*(327/4)/3?
2, 109
Let x = 321 - 32. Let q = x - 114. Suppose 0 = 5*d + 2*v - q, 29 - 204 = -5*d - 4*v. List the prime factors of d.
5, 7
List the prime factors of 2*(1 - -50) + (2 - 1).
103
Suppose -3*q + 21 = 4*j, -4*j + 17 = -4*q - 11. Let v be -3 + j/9*9. List the prime factors of (1/v)/(7/84).
2
Suppose 0 = -3*u + m - 6*m + 167, 0 = -5*u + 2*m + 299. Suppose 2*v = 109 + u. List the prime factors of -5*(v/(-10) + 2).
2
Let c = 621 + -254. List the prime factors of c.
367
Suppose -42*k + 35195 + 28435 = 0. List the prime factors of k.
3, 5, 101
Let w(x) = -x - 5. Let h = -23 + 12. List the prime factors of w(h).
2, 3
Let i(w) = w**3 + 3*w**2 - 4*w + 2. Let d be i(-4). Suppose -7*v + 8*v = 0. Suppose v = 2*k + k - 4*s - 88, -57 = -d*k + s. What are the prime factors of k?
2, 7
Suppose 23*a = 1740 + 2929. What are the prime factors of a?
7, 29
Let u = -1301 + 1456. List the prime factors of u.
5, 31
Let x(h) = 4*h**2 - h. Let q be x(-1). Suppose 3*u + 3*z = -34 - 5, -q*u = 2*z + 53. Let b = -4 - u. What are the prime factors of b?
5
Suppose 181 = 5*z + 4*d, 4*z + 0*d = -4*d + 148. Suppose -i - 114 = 4*t - 6*t, -3*t + 178 = 2*i. Let l = t - z. List the prime factors of l.
5
Let h be 1*0*3/9. Suppose -2*l - 2*x + 6 = h, 3*l - 3*x - x = 37. Suppose -215 = -l*b + 2*b. List the prime factors of b.
43
Let y = 84 - 63. Suppose 5*t - 9 = y. What are the prime factors of t?
2, 3
Let y = -8 - -16. Let o be ((-3)/(-6))/((-2)/y). List the prime factors of (16/24)/(o/(-75)).
5
Suppose -8*w + 2*w = 318. Let a = w + 116. List the prime factors of a.
3, 7
Let r = -72 + 221. Let k = r - 106. What are the prime factors of k?
43
Let v(s) be the second derivative of -2*s**3/3 + 32*s**2 - 36*s + 2. What are the prime factors of v(-7)?
2, 23
Let u be 6/2 - (4 + 2). Let w be u/6 - (-2)/(-4). List the prime factors of 23/((-1 - -3) + w).
23
Let q = 1025 + 708. What are the prime factors of q?
1733
Let a(n) = 161*n**2 - 54*n + 18. What are the prime factors of a(4)?
2, 29, 41
List the prime factors of 4/3 + -26*(-1362)/36.
5, 197
Let g(h) = -5*h + 6*h - 4*h**2 + 15*h**2 + 2*h**2. Let r = -1 - 0. List the prime factors of g(r).
2, 3
Let z(r) = -r**2 + 13*r + 12. Let j be z(14). Let q(m) = -6*m**3 + 2*m**2 + 2*m. List the prime factors of q(j).
2, 13
Let c = 19 + -15. Suppose -3*k - 2*w + 33 = w, 2*w + c = 0. Suppose 2*a - 3*a + k = 0. List the prime factors of a.
13
Let p = 4827 + 539. What are the prime factors of p?
2, 2683
Suppose 2*s + 4*o = 1590, s + o = 527 + 267. What are the prime factors of s?
13, 61
Suppose -w + 5712 = w + 4*a, 0 = -3*w + 5*a + 8535. What are the prime factors of w?
2, 3, 5, 19
Let q = 1 - -1. Suppose 5*f - 313 = 2*m, 3*m = q*f - 0*m - 134. Let s = f - 13. List the prime factors of s.
2, 3
Suppose 6*t - 102 = 5*t. Suppose 0 = t*h - 99*h - 138. List the prime factors of h.
2, 23
Let s = -91 + 40. Let q = 44 - s. List the prime factors of q.
5, 19
Suppose 2742 - 7542 = -12*q. List the prime factors of q.
2, 5
Let p be (-4 + 3 - -1)/1. Suppose p = k + 12*k - 2002. List the prime factors of k.
2, 7, 11
Let s = -6 - 12. Suppose o + 69 = 2*o - 3*t, t = 2*o - 113. List the prime factors of (-187)/(-3) + s/o.
2, 31
Suppose 2*y + 448 + 650 = 5*f, 0 = -f + 5*y + 215. What are the prime factors of f?
2, 5, 11
Let d(v) = -v**2 + 4*v + 2. Let l be d(4). What are the prime factors of (-19)/((-171)/1872) + 4/l?
2, 3, 5, 7
Let c(u) be the first derivative of u**3/3 + u - 1. Let x be c(3). What are the prime factors of ((-12)/x)/((-24)/160)?
2
Let l(k) = k**3 + 13*k**2 + 11*k - 9. Let u be l(-12). What are the prime factors of (-1342)/(-6) - 1*u/(-9)?
2, 7
Suppose -2*f = -q + 9, -5*q + 18 = -q + f. Suppose -2*c - q*w = -1, -4*c = -w + 4*w - 23. Suppose 3*d - c = 2*d. List the prime factors of d.
2
Let a(v) = v**3 - 36*v**2 - 46*v + 143. List the prime factors of a(38).
1283
Let l(u) = 3*u**2 - 2*u**2 + 0*u + 5*u + 2. Let t(i) = -i**3 - 4*i**2 + 14*i + 4. Let r be t(-6). List the prime factors of l(r).
2, 13
Let q be (-4 - 2)*178/3. Let c be -5*(-4)/10 + q. What are the prime factors of (-9)/(-6) - c/12?
31
Let q be (-104)/13*(-22)/2. Suppose 6*y + 88 = 4*g + 2*y, -3*y + q = 4*g. List the prime factors of g.
2, 11
Let m = -4 + 7. Let p(f) = -m*f - f - 11 + 8*f. What are the prime factors of p(9)?
5
Suppose -8052 - 1488 = -9*n. List the prime factors of n.
2, 5, 53
Let c(x) = -4*x - 5. Suppose -3*j + 0*j + 2*l = -4, -8 = -3*j + 4*l. Suppose -2*u - 4*w - 18 = j, 3*w - 6 = 6*w. List the prime factors of c(u).
3, 5
Suppose -3*o = 2*v - 541 - 699, 5*v - 2*o - 3081 = 0. What are the prime factors of v?
617
Suppose -10 = -2*b + 2*n, b - 9 = -0*n - n. Suppose -3*t = -b*t + 212. Let h = t + -23. List the prime factors of h.
2, 3, 5
Suppose -4*d - 4 = j, 4*d + 1 + 3 = 0. Let z = -18 + 45. Suppose p + j*p = z. What are the prime factors of p?
3
Let n = 11 - 20. Let i = n + 9. List the prime factors of 12 - (-1 - (i - 2)).
11
Suppose 5*q + 0*s - 115 = s, 2*q = 3*s + 59. Let l = -188 + 202. Let v = q - l. What are the prime factors of v?
2
Let r(h) = -5*h - 3. Let w(d) = 5*d + 2. Let c(z) = -4*r(z) - 3*w(z). Let b = -11 + 17. What are the prime factors of c(b)?
